
Suppose -26293 = -49*l + 46*l + 4*q, 4*l + 3*q - 35099 = 0. What is the units digit of l?
1
Let v(q) = -20*q**3 + 3*q**2 - 24*q**3 + 7*q**3 - q**3 + 8. Let c(x) = 25*x**3 - 2*x**2 - 5. Let m(d) = 8*c(d) + 5*v(d). What is the tens digit of m(2)?
7
Suppose -14*g + 9*g - 3*d + 2206 = 0, 0 = -g + 4*d + 432. Suppose 4*q + 5*n = -q + g, -6 = 2*n. What is the tens digit of q?
9
Let a = 4232 + -11796. Let n be (-46)/(-253) - a/22. Suppose -10*s - 34 = -n. What is the tens digit of s?
3
Let a(f) = 15744*f**2 - 11*f + 12. What is the tens digit of a(1)?
4
Let v(m) = -2*m**3 - 27*m**2 + 10*m - 48. Let z be v(-14). Let k(u) be the third derivative of 7*u**4/24 + 29*u**3/6 + 9*u**2. What is the tens digit of k(z)?
8
Let m(s) = 144*s + 77. Let q(j) = 216*j + 114. Let a(i) = 7*m(i) - 5*q(i). What is the hundreds digit of a(-6)?
4
Let w(l) = 419*l**2 - 7*l + 30. What is the hundreds digit of w(4)?
7
Let m be 1094/(-1) + 26/(-13). Let l = 140 - m. What is the tens digit of l?
3
Suppose -76*v + 78*v = 16, 4*b = v + 34604. What is the hundreds digit of b?
6
Suppose 41*k = 49*k. Suppose 35*j - 29*j - 822 = k. What is the tens digit of j?
3
Suppose -5*k + 31406 - 3120 = -5694. What is the tens digit of k?
9
Suppose -u + 1 = -3*j + 10, 3*j = 3*u + 3. Suppose -3138 = -5*d + x, -28*d + j*x = -32*d + 2520. What is the hundreds digit of d?
6
Let f(m) = m + 162. Let o be f(6). Suppose 3*j + 4*b - 2094 = 0, j - 3*b - o = 530. What is the units digit of j?
8
Let t(n) be the second derivative of n**4/6 - n**3 + 3*n**2/2 - 21*n. Let s be t(3). Suppose 2*m + 36 = s*m. What is the units digit of m?
6
Let k = -8 + 8. Let y(z) = 292*z**3 - 291*z**3 + 46 + 81. What is the hundreds digit of y(k)?
1
Let d = -71 + 104. Let h = 36 - d. What is the units digit of 25*-1*(-55)/11 - h?
2
Let f(d) = -6*d**3 - 6*d**2 - 6*d - 1. Let u be f(-4). Let n = 401 - 206. Let c = u - n. What is the units digit of c?
6
Let u = 4326 + 17515. What is the tens digit of u?
4
Let r be (-17 - -18) + (1 - -3). Let z be (-2)/r - (-684)/10. Suppose -3*v + z = -73. What is the tens digit of v?
4
Let s be 350*2/4 + -4 - -3. Suppose 3*g = g - 224. Let d = g + s. What is the units digit of d?
2
Let d be ((-6)/(-21))/(6/(-14))*-630. Let a = 1298 - d. What is the units digit of a?
8
Suppose -1122*u = -1117*u - n - 145521, -5*u + 2*n + 145522 = 0. What is the tens digit of u?
0
Let b be (801 - (2 - 3))/(-4 + -22 - -28). Let u be ((-2)/4)/((-1)/(-430)). Let i = b + u. What is the tens digit of i?
8
Let t = -103 + -61. Let f = 260 + t. Suppose 0*w - 2*w + 5*r + 174 = 0, w + 2*r - f = 0. What is the tens digit of w?
9
Let a(b) = 8*b**3 - 3*b**2 - 2*b - 3. Let g be a(3). Suppose -7*w + 8*w = g. Let h = w + -96. What is the units digit of h?
4
Let m = -18 - -10. Let t(l) = -2*l**2 - 7*l + 22. Let r(c) = 3*c**2 + 10*c - 33. Let z(d) = 5*r(d) + 7*t(d). What is the tens digit of z(m)?
4
Let q(b) = -2*b**3 - 6*b**2 + 2*b + 3. Let w be q(-4). Let y = w + -31. What is the units digit of (-8 + y)*2*1/(-6)?
4
Let p(o) be the first derivative of -o**4/2 + 2*o**3 - 5*o**2 + 3*o - 4. Let u be p(5). What is the units digit of (-4)/(-16) + u/(-4)?
7
Suppose -n = -96 - 306. Suppose 0*k - 2*y = -4*k + 414, -2*y + n = 4*k. What is the hundreds digit of k?
1
Let x = -5537 + 15468. What is the thousands digit of x?
9
What is the units digit of (9 - 644/(-42))/((-1)/(-3462)*2)?
1
Let n(j) = 51*j - 6. Let h(u) = -u - 1. Let x(d) = 2*h(d) + n(d). Let a be x(5). Suppose -a - 57 = -6*q. What is the units digit of q?
9
Let q(j) = j**2 - 3*j. Let t be q(0). Suppose 6*y - 326 - 16 = t. Let r = 104 - y. What is the units digit of r?
7
Suppose -2*d - 4*h + 174 = -44, -3*h + 216 = 2*d. Let j = d + 57. What is the units digit of j?
2
Suppose -2*h = -5*h - 3*t + 3, -t - 14 = -2*h. Suppose -47*i - 1891 = -5*x - 44*i, 1155 = 3*x + h*i. What is the units digit of x?
0
Let v = -4792 + 71768. What is the tens digit of v?
7
Let l(k) = -39842*k + 10 - 1 + 5*k**2 + 39847*k. What is the tens digit of l(-14)?
1
What is the thousands digit of (0 - (162/12 - 1))/((-1)/890)?
1
Suppose -69 = -5*o + 1111. Let x be (10584/(-686))/((-9)/(-84)). Let p = o + x. What is the units digit of p?
2
Let d = 513 + -345. Let z = d - -191. What is the tens digit of z?
5
Let c(y) = 44*y**3 + y**2 + 9*y - 5. Let z be c(3). Let g = z - 840. What is the hundreds digit of g?
3
Let k = -433 - -925. Suppose k = -4*l + 7*l. What is the units digit of l?
4
Suppose -3*j + 927 = -1584. Suppose -3*g = -4*h - j, 6*h = 2*h + 12. What is the units digit of g?
3
Suppose -6865*z - 73051 = -6876*z. What is the tens digit of z?
4
Let x be (-54)/(-8)*(1/(-3) + 3). Let d be 9*((-4)/x)/(3/9). Let f(m) = -m**3 - 4*m**2 + 10*m + 9. What is the units digit of f(d)?
1
Let d(f) = -11*f - 14. Let i be d(-15). Suppose -i = -2*h + 405. Let s = h - 180. What is the tens digit of s?
9
Let n(l) = 7*l**2 + 182*l - 52. What is the units digit of n(-30)?
8
Suppose 0 = -191*x + 287 + 477. Let y(i) = -i - 3. Let b be y(-6). Suppose -x*z = -4*c + 120, c - z = b*c - 75. What is the units digit of c?
5
Let b(p) = 550*p - 204. What is the hundreds digit of b(15)?
0
Let z = -196 - -205. Suppose z*j - 3566 + 938 = 0. What is the hundreds digit of j?
2
Let i(x) = -3*x**3 + 6*x**2 + 10*x + 1. Let b be i(-5). Suppose -3*v + 220 = -b. What is the hundreds digit of v?
2
Let u be 6 + -9 + 1 + -4. Let x(f) = -25*f + 23. What is the units digit of x(u)?
3
Let b = 32 + -39. Let l = 4 + b. Let s = 6 - l. What is the units digit of s?
9
Let t(c) = -11*c**2 + 55*c + 3. Let g(k) = -5*k**2 + 27*k + 2. Let r = 14 - 8. Let p(w) = r*t(w) - 13*g(w). What is the tens digit of p(-17)?
6
Suppose 4*h + 12*d - 53788 = 0, -d - 2*d + 67235 = 5*h. What is the hundreds digit of h?
4
Let l(g) = -g**2 + 11*g + 65. Let w be l(15). Suppose 0 = -i - 2*p + 1165, 6*p - 5*p + 5847 = w*i. What is the tens digit of i?
6
Suppose c + 0*c = -3, -f + 251 = -c. Suppose -3*z = -2*k + 263, 3*k - 5*z - f = 148. What is the tens digit of k?
2
Let x(g) = g - 2*g + 9 - 6. Let q be x(-5). What is the units digit of 4/q + 1268/8?
9
Suppose 0 = u - 5*u + a + 7, 5*u - a - 8 = 0. Let m(l) = 471*l**3 + 3*l**2 - 6*l + 4. What is the units digit of m(u)?
2
Suppose -5*h - 744 + 134 = -3*c, 0 = 3*c - 3*h - 618. Suppose -5*s + 32*g + 51 = 36*g, -1 = g. Suppose -s*n + 4*n = -c. What is the units digit of n?
0
Let u(s) = -8219*s + 16682. What is the ten thousands digit of u(-7)?
7
Suppose i = 8 - 9, 4*i = -4*u + 30068. What is the tens digit of u?
1
Let y = 16471 + -6565. What is the tens digit of y?
0
Suppose -l + 42 + 16 = -4*c, 4*c + 16 = 0. Suppose 0 = d - 3*n - 20, 2*d = 5*n + l. Let q = 37 - d. What is the units digit of q?
1
Let t(d) be the first derivative of d**2/2 - 5*d - 13. Let v be t(8). Suppose 2*i - 203 = -v*f, 0 = 3*f - 3 - 6. What is the tens digit of i?
9
What is the thousands digit of (11 + -14 + 8)*(0 - (-1420)/2)?
3
Suppose -w = -80 + 80. Suppose w = -8*y - 154 + 11290. What is the tens digit of (-76)/(-95) - y/(-10)?
4
Let v(c) = 2*c + 6. Suppose 0 = 2*u - h - 18, -21 = -4*u - 4*h - 9. Let s be v(u). Suppose -4*m = s, -a - 6*m + m = -97. What is the units digit of a?
2
Let v = -44 - -44. Suppose v = 10*j - 5*j. Suppose 10*a - 11*a + 57 = j. What is the tens digit of a?
5
Let r = 216 + 564. Suppose r + 50 = 2*d. What is the hundreds digit of d?
4
Let d = -262 - -376. Suppose 10*t - d = 16. What is the units digit of t?
3
Let y(q) = 6*q + 7. Let h be y(3). Suppose c - 5*m - 53 = 139, -5*m = h. Let b = c - 84. What is the units digit of b?
3
Suppose -54*y + 12*y = 5*y - 398889. What is the tens digit of y?
8
Suppose -3*f = -5*h - 55 + 2, 0 = -2*h - 2. Suppose f*m = 7496 + 12968. What is the units digit of m?
9
Suppose -2*b = f - 96 - 454, 4*b = 4*f - 2176. What is the units digit of f?
6
Let w(n) = -n**3 - n**2 + 1. Let r(s) = 151*s**3 + 3*s**2 - 7*s - 14. Let d(t) = -r(t) - 6*w(t). What is the thousands digit of d(-2)?
1
Suppose 3*s - 2 = s. Let g be (170/(-3))/(((-1)/3)/s). Suppose -2*y + v + g = 5*v, 4*y + 2*v = 358. What is the units digit of y?
1
Let v(r) = -r**3 + 15*r**2 - 16*r + 24. Let u be v(14). Let w(i) = -4*i**3 + 4*i**2 - 7*i + 3. What is the hundreds digit of w(u)?
3
Suppose 0 = -3*g - r - 463, 2*r = -2*g - 3*r - 313. Let b be (-6 - -16)/5 - 